[INFO] fetching crate hnspool-stratum-types 0.4.0...
[INFO] checking hnspool-stratum-types-0.4.0 against try#72f88fc4e9458f89516a0b8b0868f3718aec5b47 for pr-74989
[INFO] extracting crate hnspool-stratum-types 0.4.0 into /workspace/builds/worker-9/source
[INFO] validating manifest of crates.io crate hnspool-stratum-types 0.4.0 on toolchain 72f88fc4e9458f89516a0b8b0868f3718aec5b47
[INFO] running `Command { std: "/workspace/cargo-home/bin/cargo" "+72f88fc4e9458f89516a0b8b0868f3718aec5b47" "read-manifest" "--manifest-path" "Cargo.toml", kill_on_drop: false }`
[INFO] started tweaking crates.io crate hnspool-stratum-types 0.4.0
[INFO] finished tweaking crates.io crate hnspool-stratum-types 0.4.0
[INFO] tweaked toml for crates.io crate hnspool-stratum-types 0.4.0 written to /workspace/builds/worker-9/source/Cargo.toml
[INFO] running `Command { std: "/workspace/cargo-home/bin/cargo" "+72f88fc4e9458f89516a0b8b0868f3718aec5b47" "generate-lockfile" "--manifest-path" "Cargo.toml" "-Zno-index-update", kill_on_drop: false }`
[INFO] running `Command { std: "/workspace/cargo-home/bin/cargo" "+72f88fc4e9458f89516a0b8b0868f3718aec5b47" "fetch" "--locked" "--manifest-path" "Cargo.toml", kill_on_drop: false }`
[INFO] [stderr]  Downloading crates ...
[INFO] [stderr]   Downloaded stratum-types v0.9.25
[INFO] [stderr]   Downloaded serde_tuple v0.4.0
[INFO] running `Command { std: "docker" "create" "-v" "/var/lib/crater-agent-workspace/builds/worker-9/target:/opt/rustwide/target:rw,Z" "-v" "/var/lib/crater-agent-workspace/builds/worker-9/source:/opt/rustwide/workdir:ro,Z" "-v" "/var/lib/crater-agent-workspace/cargo-home:/opt/rustwide/cargo-home:ro,Z" "-v" "/var/lib/crater-agent-workspace/rustup-home:/opt/rustwide/rustup-home:ro,Z" "-e" "SOURCE_DIR=/opt/rustwide/workdir" "-e" "CARGO_TARGET_DIR=/opt/rustwide/target" "-e" "CARGO_HOME=/opt/rustwide/cargo-home" "-e" "RUSTUP_HOME=/opt/rustwide/rustup-home" "-w" "/opt/rustwide/workdir" "-m" "1610612736" "--user" "0:0" "--network" "none" "rustops/crates-build-env@sha256:d92eaeed33fa75130ca1ee6c8a01d1ffb62bac859dfdfb3450e3e5d1c0146529" "/opt/rustwide/cargo-home/bin/cargo" "+72f88fc4e9458f89516a0b8b0868f3718aec5b47" "metadata" "--no-deps" "--format-version=1", kill_on_drop: false }`
[INFO] [stdout] f17b49d16d6fa143bd7eaa5007c03f88d79dadd89df0a913f003e2191c9e49c3
[INFO] [stderr] WARNING: Your kernel does not support swap limit capabilities or the cgroup is not mounted. Memory limited without swap.
[INFO] running `Command { std: "docker" "start" "-a" "f17b49d16d6fa143bd7eaa5007c03f88d79dadd89df0a913f003e2191c9e49c3", kill_on_drop: false }`
[INFO] running `Command { std: "docker" "inspect" "f17b49d16d6fa143bd7eaa5007c03f88d79dadd89df0a913f003e2191c9e49c3", kill_on_drop: false }`
[INFO] running `Command { std: "docker" "rm" "-f" "f17b49d16d6fa143bd7eaa5007c03f88d79dadd89df0a913f003e2191c9e49c3", kill_on_drop: false }`
[INFO] [stdout] f17b49d16d6fa143bd7eaa5007c03f88d79dadd89df0a913f003e2191c9e49c3
[INFO] running `Command { std: "docker" "create" "-v" "/var/lib/crater-agent-workspace/builds/worker-9/target:/opt/rustwide/target:rw,Z" "-v" "/var/lib/crater-agent-workspace/builds/worker-9/source:/opt/rustwide/workdir:ro,Z" "-v" "/var/lib/crater-agent-workspace/cargo-home:/opt/rustwide/cargo-home:ro,Z" "-v" "/var/lib/crater-agent-workspace/rustup-home:/opt/rustwide/rustup-home:ro,Z" "-e" "SOURCE_DIR=/opt/rustwide/workdir" "-e" "CARGO_TARGET_DIR=/opt/rustwide/target" "-e" "CARGO_INCREMENTAL=0" "-e" "RUST_BACKTRACE=full" "-e" "RUSTFLAGS=--cap-lints=forbid" "-e" "CARGO_HOME=/opt/rustwide/cargo-home" "-e" "RUSTUP_HOME=/opt/rustwide/rustup-home" "-w" "/opt/rustwide/workdir" "-m" "1610612736" "--user" "0:0" "--network" "none" "rustops/crates-build-env@sha256:d92eaeed33fa75130ca1ee6c8a01d1ffb62bac859dfdfb3450e3e5d1c0146529" "/opt/rustwide/cargo-home/bin/cargo" "+72f88fc4e9458f89516a0b8b0868f3718aec5b47" "check" "--frozen" "--all" "--all-targets" "--message-format=json", kill_on_drop: false }`
[INFO] [stderr] WARNING: Your kernel does not support swap limit capabilities or the cgroup is not mounted. Memory limited without swap.
[INFO] [stdout] 75756d0d01a261bc7d5cf26f3fbfe09f822bd1a856cdec1323c67808e61802f5
[INFO] running `Command { std: "docker" "start" "-a" "75756d0d01a261bc7d5cf26f3fbfe09f822bd1a856cdec1323c67808e61802f5", kill_on_drop: false }`
[INFO] [stderr]    Compiling syn v1.0.40
[INFO] [stderr]    Compiling getrandom v0.1.15
[INFO] [stderr]    Compiling memchr v2.3.3
[INFO] [stderr]     Checking futures-core v0.3.5
[INFO] [stderr]     Checking once_cell v1.4.1
[INFO] [stderr]     Checking ppv-lite86 v0.2.9
[INFO] [stderr]     Checking itoa v0.4.6
[INFO] [stderr]     Checking futures-channel v0.3.5
[INFO] [stderr]     Checking futures-task v0.3.5
[INFO] [stderr]     Checking rand_core v0.5.1
[INFO] [stderr]     Checking rand_chacha v0.2.2
[INFO] [stderr]     Checking rand v0.7.3
[INFO] [stderr]    Compiling serde_derive v1.0.116
[INFO] [stderr]    Compiling pin-project-internal v0.4.23
[INFO] [stderr]    Compiling futures-macro v0.3.5
[INFO] [stderr]    Compiling async-trait v0.1.40
[INFO] [stderr]     Checking pin-project v0.4.23
[INFO] [stderr]     Checking futures-util v0.3.5
[INFO] [stderr]     Checking serde v1.0.116
[INFO] [stderr]     Checking futures-executor v0.3.5
[INFO] [stderr]     Checking futures v0.3.5
[INFO] [stderr]     Checking uuid v0.8.1
[INFO] [stderr]     Checking serde_json v1.0.57
[INFO] [stderr]    Compiling serde_tuple v0.4.0
[INFO] [stderr]     Checking stratum-types v0.9.25
[INFO] [stderr]     Checking hnspool-stratum-types v0.4.0 (/opt/rustwide/workdir)
[INFO] [stdout] error[E0046]: not all trait items implemented, missing: `worker_name`
[INFO] [stdout]   --> src/auth.rs:11:1
[INFO] [stdout]    |
[INFO] [stdout] 11 | impl AuthorizeTrait for Authorize {
[INFO] [stdout]    | ^^^^^^^^^^^^^^^^^^^^^^^^^^^^^^^^^ missing `worker_name` in implementation
[INFO] [stdout]    |
[INFO] [stdout]    = help: implement the missing item: `fn worker_name(&self) -> std::option::Option<std::string::String> { todo!() }`
[INFO] [stdout] 
[INFO] [stdout] 
[INFO] [stdout] error[E0046]: not all trait items implemented, missing: `worker_id`, `worker_name`
[INFO] [stdout]   --> src/auth.rs:27:1
[INFO] [stdout]    |
[INFO] [stdout] 27 | impl AuthorizeResultTrait for AuthorizeResult {
[INFO] [stdout]    | ^^^^^^^^^^^^^^^^^^^^^^^^^^^^^^^^^^^^^^^^^^^^^ missing `worker_id`, `worker_name` in implementation
[INFO] [stdout]    |
[INFO] [stdout]    = help: implement the missing item: `fn worker_id(&self) -> std::option::Option<uuid::Uuid> { todo!() }`
[INFO] [stdout]    = help: implement the missing item: `fn worker_name(&self) -> std::option::Option<std::string::String> { todo!() }`
[INFO] [stdout] 
[INFO] [stdout] 
[INFO] [stdout] error[E0053]: method `id` has an incompatible type for trait
[INFO] [stdout]   --> src/subscribe.rs:23:5
[INFO] [stdout]    |
[INFO] [stdout] 23 |     fn id(&self) -> String {
[INFO] [stdout]    |     ^^^^^^^^^^^^^^^^^^^^^^ expected enum `std::option::Option`, found struct `std::string::String`
[INFO] [stdout]    |
[INFO] [stdout]    = note: expected fn pointer `fn(&SubscriberResult) -> std::option::Option<uuid::Uuid>`
[INFO] [stdout]               found fn pointer `fn(&SubscriberResult) -> std::string::String`
[INFO] [stdout] 
[INFO] [stdout] 
[INFO] [stdout] error[E0046]: not all trait items implemented, missing: `sid`
[INFO] [stdout]   --> src/subscribe.rs:22:1
[INFO] [stdout]    |
[INFO] [stdout] 22 | impl SubscribeResult for SubscriberResult {
[INFO] [stdout]    | ^^^^^^^^^^^^^^^^^^^^^^^^^^^^^^^^^^^^^^^^^ missing `sid` in implementation
[INFO] [stdout]    |
[INFO] [stdout]    = help: implement the missing item: `fn sid(&self) -> std::string::String { todo!() }`
[INFO] [stdout] 
[INFO] [stdout] 
[INFO] [stdout] error[E0046]: not all trait items implemented, missing: `worker_name`
[INFO] [stdout]   --> src/auth.rs:11:1
[INFO] [stdout]    |
[INFO] [stdout] 11 | impl AuthorizeTrait for Authorize {
[INFO] [stdout]    | ^^^^^^^^^^^^^^^^^^^^^^^^^^^^^^^^^ missing `worker_name` in implementation
[INFO] [stdout]    |
[INFO] [stdout]    = help: implement the missing item: `fn worker_name(&self) -> std::option::Option<std::string::String> { todo!() }`
[INFO] [stdout] 
[INFO] [stdout] 
[INFO] [stdout] error[E0046]: not all trait items implemented, missing: `worker_id`, `worker_name`
[INFO] [stdout]   --> src/auth.rs:27:1
[INFO] [stdout]    |
[INFO] [stdout] 27 | impl AuthorizeResultTrait for AuthorizeResult {
[INFO] [stdout]    | ^^^^^^^^^^^^^^^^^^^^^^^^^^^^^^^^^^^^^^^^^^^^^ missing `worker_id`, `worker_name` in implementation
[INFO] [stdout]    |
[INFO] [stdout]    = help: implement the missing item: `fn worker_id(&self) -> std::option::Option<uuid::Uuid> { todo!() }`
[INFO] [stdout]    = help: implement the missing item: `fn worker_name(&self) -> std::option::Option<std::string::String> { todo!() }`
[INFO] [stdout] 
[INFO] [stdout] 
[INFO] [stdout] error[E0053]: method `id` has an incompatible type for trait
[INFO] [stdout]   --> src/subscribe.rs:23:5
[INFO] [stdout]    |
[INFO] [stdout] 23 |     fn id(&self) -> String {
[INFO] [stdout]    |     ^^^^^^^^^^^^^^^^^^^^^^ expected enum `std::option::Option`, found struct `std::string::String`
[INFO] [stdout]    |
[INFO] [stdout]    = note: expected fn pointer `fn(&SubscriberResult) -> std::option::Option<uuid::Uuid>`
[INFO] [stdout]               found fn pointer `fn(&SubscriberResult) -> std::string::String`
[INFO] [stdout] 
[INFO] [stdout] 
[INFO] [stdout] error[E0046]: not all trait items implemented, missing: `sid`
[INFO] [stdout]   --> src/subscribe.rs:22:1
[INFO] [stdout]    |
[INFO] [stdout] 22 | impl SubscribeResult for SubscriberResult {
[INFO] [stdout]    | ^^^^^^^^^^^^^^^^^^^^^^^^^^^^^^^^^^^^^^^^^ missing `sid` in implementation
[INFO] [stdout]    |
[INFO] [stdout]    = help: implement the missing item: `fn sid(&self) -> std::string::String { todo!() }`
[INFO] [stdout] 
[INFO] [stdout] 
[INFO] [stdout] error: aborting due to 4 previous errors
[INFO] [stdout] 
[INFO] [stdout] 
[INFO] [stdout] Some errors have detailed explanations: E0046, E0053.
[INFO] [stdout] 
[INFO] [stdout] For more information about an error, try `rustc --explain E0046`.
[INFO] [stdout] 
[INFO] [stderr] error: could not compile `hnspool-stratum-types`.
[INFO] [stderr] 
[INFO] [stderr] To learn more, run the command again with --verbose.
[INFO] [stderr] warning: build failed, waiting for other jobs to finish...
[INFO] [stdout] error: aborting due to 4 previous errors
[INFO] [stdout] 
[INFO] [stdout] 
[INFO] [stdout] Some errors have detailed explanations: E0046, E0053.
[INFO] [stdout] 
[INFO] [stdout] For more information about an error, try `rustc --explain E0046`.
[INFO] [stdout] 
[INFO] [stderr] error: build failed
[INFO] running `Command { std: "docker" "inspect" "75756d0d01a261bc7d5cf26f3fbfe09f822bd1a856cdec1323c67808e61802f5", kill_on_drop: false }`
[INFO] running `Command { std: "docker" "rm" "-f" "75756d0d01a261bc7d5cf26f3fbfe09f822bd1a856cdec1323c67808e61802f5", kill_on_drop: false }`
[INFO] [stdout] 75756d0d01a261bc7d5cf26f3fbfe09f822bd1a856cdec1323c67808e61802f5
